 o(w) a prime number?
False
Let x(s) = -30*s**2 + 10*s - 9. Let m be x(-5). Let f = m - -35368. Is f prime?
False
Let i(k) = -4*k**2 - 67*k**3 - k + 10*k - 11*k - 23. Let l be i(-6). Let z = l + -6572. Is z prime?
False
Suppose 0 = -4*t + 3826 + 16834. Let y = t + -3112. Is y composite?
False
Suppose 2*n - 5*j = 309167, 772870 = 5*n - 41*j + 38*j. Is n prime?
True
Is (-13549)/(-34)*(3 - 1) a composite number?
False
Let s = -946 - -666. Let y = -149 - s. Is y prime?
True
Suppose 2*x - 6*j + j + 168 = 0, 0 = -2*j. Is 56/x + (-6406)/(-6) prime?
False
Is 6/15*(0 - -5)*(-4252846)/(-76) composite?
True
Suppose -4*a + 35784 = -0*a. Let d = a - -6475. Is d prime?
False
Suppose 0 = -2*m - 2, -5*m + m + 4306 = 2*n. Is n - 15/6*4/5 composite?
False
Suppose 217*q - 216*q - 183208 = -r, -732792 = -4*r + 4*q. Is r prime?
True
Let p = 62 + -66. Let n(f) = -3012*f - 41. Is n(p) prime?
True
Suppose -10*q - 988 = 9*q. Is q/91 - (-10931)/7 a composite number?
True
Let r = -184507 + 433824. Is r a composite number?
False
Let n(v) be the third derivative of 0*v + 0 - 47/6*v**3 + 9/4*v**4 - 28*v**2. Is n(9) composite?
False
Suppose 4 = 4*h, -2*w + 7*w + h = 430776. Is w a prime number?
False
Suppose 0 = 2*l - 4*w - 10, -9 = 2*w - 1. Let a be l/(-18)*20*(-9)/(-5). Is (a - 2)*(0 - 1486/(-8)) a prime number?
True
Suppose -17*m + 12*m + 90 = 0. Let d be 1 + m/(-1) + 51/17. Is ((-1141)/d)/((2 + 0)/44) a prime number?
False
Let v = 9 - 13. Is v*(72545/(-308) - (-2)/7) composite?
False
Suppose 0 = 49*d - 3230 - 1229. Is d/364 - (-7339)/4 prime?
False
Suppose 4*c - 297253 = -3*w, 0 = -4*w - 0*c + 3*c + 396404. Is w prime?
False
Suppose -5*w - 4*h + 419779 = -772770, 0 = -2*h - 18. Is w a prime number?
False
Let v = 575476 - 342305. Is v a prime number?
False
Let m = -20192 + 42619. Is m composite?
True
Suppose 44*s = s + 1966089. Is s composite?
True
Suppose 5*n - 41276 + 136190 = 3*i, -n = i - 31646. Is i a prime number?
True
Suppose -22870 + 241414 = 3*k - 5*b, -k - 5*b = -72828. Is k composite?
True
Let t(o) = 19*o + 62. Let i be t(-3). Suppose 1682 = i*c - 663. Is c a composite number?
True
Let r(z) = 44*z - 33. Let k = -20 - -28. Is r(k) a prime number?
False
Let n be (-3)/(9/(-12)) - (1 + 2614). Let t = 355 + n. Let k = 3397 + t. Is k a prime number?
False
Let g(j) = -7*j**3 - 6*j**2 - 11*j - 3. Let b be g(-3). Let c = -26 + b. Is c prime?
True
Let t be 20/6*(243/2 - 3). Suppose 337 = -12*l - t. Let r = -38 - l. Is r a composite number?
False
Suppose -2*f + 10 = 0, -5*f - 35852 = 9*o - 12*o. Is o prime?
True
Suppose -3649*j + 3502*j = -567273. Is j a prime number?
False
Let z(j) = 98462*j**2 + 5*j + 1. Is z(-2) composite?
True
Is ((-2784802)/164)/((-3)/42) composite?
True
Let w = 20433 - 10137. Suppose -18*c - 270 = -w. Is c composite?
False
Let y(w) = 10*w - 25. Let b be y(4). Suppose 3177 = b*l - 6*l. Is l a prime number?
True
Let q = 236696 - 53529. Is q composite?
False
Suppose -2*u = -8, 2*l - 13 = 4*u - 51. Is ((-103)/(-2))/(l*2/(-572)) composite?
True
Suppose 12*t - 2*n = 15*t - 21443, 4*n + 21473 = 3*t. Is t a composite number?
False
Let v(a) = 1352*a**3 - 41*a**2 + 193*a + 15. Is v(5) composite?
True
Is 23279/(6/15 - (-36)/(-140)) prime?
False
Let s = -53 - -80. Suppose -1270 = 22*k - s*k. Is k a prime number?
False
Let n(s) = s + 8. Let q(m) = -m**2 + 4*m + 15. Let a be q(7). Let f be n(a). Suppose -t = t - 2*x - 1532, -x = -f*t + 1527. Is t a prime number?
True
Suppose -2*t + 149*m = 151*m - 321612, -482416 = -3*t - 5*m. Is t prime?
True
Let h(n) = -13730*n + 27. Let r be h(-1). Suppose 3697 = 6*s - r. Is s prime?
True
Let a = 11196 - -12761. Is a a composite number?
False
Suppose y + 12 = -2*w, -y + w - 1 = -4. Let b be (9/y)/((-12)/(-16)). Is 2805/(-10)*b/9 a composite number?
True
Let n(j) = -j**3 + 115*j**2 - 891*j + 197. Is n(80) prime?
False
Suppose 16*w - 11*w = 40. Suppose -5*v = 0, 12*f - 2*v - 53484 = w*f. Is f prime?
False
Suppose -72*k + 72047 + 239497 = 0. Is k a composite number?
False
Let d(a) be the second derivative of 61*a**5/120 - a**4/2 + 5*a**3/6 - 15*a. Let p(c) be the second derivative of d(c). Is p(9) composite?
True
Let y = 2102 + -157. Suppose 2*p + y = 3*u, 5*u - 7*u - 5*p = -1284. Let q = u + -128. Is q a prime number?
False
Let f = 407861 - 278428. Is f prime?
False
Let p = 38688 - 26885. Suppose 2*a = 5*g + 10, -5*g = 4*a - 46 - 4. Suppose a*r - p = -r. Is r composite?
True
Let l(g) = 2*g + 9. Let a be l(7). Suppose 0 = -2*o - 81 + 133. Suppose -a*c = -o*c + 339. Is c composite?
False
Let w(r) = -10*r + 35. Suppose 21 + 29 = -10*a. Let l(o) = -11*o + 34. Let t(p) = a*w(p) + 6*l(p). Is t(-13) a prime number?
False
Let t = 154766 - -27551. Is t composite?
True
Let o be (-8)/44 + (-42)/11. Let j(w) = -10 - 15 - 221*w - 9 + 40 - 11. Is j(o) a composite number?
True
Let i(l) = 302*l**3 + 49*l**2 + 71*l - 545. Is i(11) prime?
True
Suppose -4*s + 2*v = -664663 - 612085, -2*s - 2*v = -638350. Is s composite?
False
Let b(l) = 19950*l - 41. Is b(3) a composite number?
False
Let w(p) = -173*p**3 - 12*p**2 - 19*p - 61. Is w(-4) a composite number?
True
Suppose 858*m = 897*m - 3043599. Is m a prime number?
True
Suppose 0 = -31*o + 65*o - 5249906. Is o prime?
True
Let g = 1892533 - 1334016. Is g prime?
False
Suppose 10 - 7 = c. Suppose 2*a + 0*a + 24429 = c*i, a + 8143 = i. Is i composite?
True
Suppose -5*v + 10*v + 4*h - 2759685 = 0, 5*v = 4*h + 2759685. Is v composite?
True
Let n(k) = 551*k - 7. Let j be n(4). Suppose 5*v - 408 = j. Is v a composite number?
False
Suppose 29*y - 196338 = 747235. Is y composite?
False
Let l be (-4 + 49*-2)/(-2 - 0). Suppose 62*i - 70279 = l*i. Is i composite?
False
Suppose 3*l = 0, 0 = -5*c - 3*l + 5 + 15. Suppose -64 = -5*a - 2*f, -5*a - 4*f = -6*f - 76. Suppose -744 = -4*s + c*d, 152 = s - 5*d - a. Is s a prime number?
True
Let v(q) = -23*q + 3. Let z be v(3). Let f = 2089 - -4719. Is z/110 + f/5 a composite number?
False
Let a be 3/5 + (-12)/20*1. Suppose 3*m + 4467 = 3*r + 696, a = 3*r - m - 3771. Is r composite?
True
Let s(p) = 33*p**3 - p + 5*p**2 - 6*p**2 + 47 - 31*p**3 - 6*p. Is s(15) a prime number?
False
Let h(a) = 46226*a - 147. Is h(13) a prime number?
True
Let a(w) = 6064*w**2 + 295*w - 902. Is a(3) prime?
True
Let x = 13616 - 3849. Let i = x + -5580. Is i a composite number?
True
Suppose 84*l + 103*l - 2538899 = 0. Is l composite?
False
Let a be (7/((-28)/(-16)))/2. Suppose -4*b = a*h + 3*h - 41, 13 = h + 2*b. Is (-5197)/(-5) - (-8)/(-100)*h prime?
True
Is 2/(-14)*((-36386104)/5 + (-292)/1460) composite?
False
Let r(q) = q**2 + 10*q. Let x = 49 + -58. Let n be r(x). Is (-1 + 70)/(n/(-15)) a prime number?
False
Suppose 40*j - 80401 = 12439. Is j composite?
True
Suppose 10*t - 11113798 - 9630345 = -7178153. Is t a composite number?
False
Let d(g) = 32*g - 2. Let y be d(6). Suppose -s = -4*z - 2815, -3*s - 1864 + 467 = 2*z. Let t = y - z. Is t composite?
True
Suppose 14*o - 5*o = 500139. Is o a composite number?
True
Suppose -10*z + 18 = -562. Let p = 37 + z. Is p a composite number?
True
Suppose 8 = 4*o + 2*i, -5*i + 2*i + 6 = 4*o. Let x(n) = 6034*n + 35. Is x(o) composite?
True
Let p be 0 + (64198 - -3) - 6. Suppose 19*a - 56*a + p = 0. Is a composite?
True
Let t(i) = -2*i**3 + 76*i**2 + 134*i + 207. Is t(-43) composite?
False
Let k(h) = 2*h - 1 + 15 + 21 + 4*h. Is k(19) prime?
True
Let d(m) = -m**2 + m + 1. Let z(w) = -w**2 - w + 2. Let a(v) = -d(v) - z(v). Let u be a(2). Suppose 0 = u*x + 2*f - 3651, 3*x - f - 2183 = -6*f. Is x prime?
False
Suppose 2*z - 58006 = -3*u, 2*u - z + 2694 = 41367. Let c = -10103 + u. Is c prime?
False
Suppose -12*s + 23*s = 7*s + 16. Let i(q) = -q**2 + 7*q - 5. Let t be i(5). Is 19554/18*(s/(-2) + t) prime?
True
Let q(r) = 3467*r**2 - 45*r - 99. Is q(-2) a prime number?
True
Let o be (6 + 32/(-8))/1. Suppose 56427 = o*b + 8861. Is b prime?
False
Let l(v) = 63*v + 3. Let c be l(-1). Let j = c + 63. Is 3/((7/(-11599))/((-1)/j)) a prime number?
True
Let v = 469 + -463. Let q(p) = 538*p**2 - 19*p + 35. Is q(v) composite?
False
Suppose 7*c - 213 + 171 = 0. Is 5 - 51515/(-15)*c a prime number?
True
Let j(n) = 92*n - 1. Suppose 0 = 2*p + 10 - 26. Suppose 12*b - p = 4*b. Is j(b) composite?
True
Suppose 2*y + 3*f = -f - 10, -5*f = 20. Suppose q = y*o - 1358, 10*o - q -